4 + c. Suppose 0 = -4*h + 3*q + p*q + 127, 0 = 3*h + 2*q - 101. What is the remainder when h is divided by 9?
6
Suppose 2*g + 0*g + 10 = 0, j - 42 = -4*g. What is the remainder when j is divided by 16?
14
Suppose -2*h + 26 = 4*n, n + 11 = 2*n - h. Suppose -143 = -5*b - n. Calculate the remainder when 53 is divided by b.
26
Let o be ((-6)/4)/(3/(-4)). Suppose o*p - 25 = -3. Let n(s) = s**2 + 5*s - 3. Calculate the remainder when n(3) is divided by p.
10
Let f be (5 - 1)*(-33)/(-4). Suppose 4*j - f = 7. Let p(y) = y - 1. Calculate the remainder when j is divided by p(7).
4
Let b be 27/4 - 2/(-8). Suppose 68 = 11*v - b*v. Suppose 12 + 6 = 2*t. What is the remainder when v is divided by t?
8
Suppose 0 = 2*m - 81 - 35. What is the remainder when m is divided by 20?
18
Let t(o) = 10*o**3 + 2*o**2 + 3*o - 8. What is the remainder when t(2) is divided by 31?
24
Let f(m) = -12*m + 10. What is the remainder when f(-4) is divided by 23?
12
Suppose 0 = n + 2*n - 9, 31 = b + 5*n. Let i = b - 2. Let l = 9 - 4. What is the remainder when i is divided by l?
4
Let r be ((-32)/(-6))/(1/3). Suppose -4*v + 16 = i, 0 = 5*i - i - r. Calculate the remainder when v is divided by 3.
0
What is the remainder when 5 - 1*(-1 - 57) is divided by 22?
19
Let q = -13 - -1. What is the remainder when (-151)/(-9) + (-6)/(-27) is divided by 6*1*(-18)/q?
8
Suppose 10*d = 5*d + 75. Calculate the remainder when d is divided by 3.
0
Let p = -64 - -107. Suppose -3 = -n - 4*s - 8, -n - s = -10. What is the remainder when p is divided by n?
13
Let a = 1 + 16. Suppose a - 656 = -3*x. Suppose -3*f = -4*y + 223, -f - x = -4*y - 0*y. What is the remainder when y is divided by 18?
16
Let m(y) = y + 1. Let z be m(3). Suppose -3*q - z*a = -20, -a = q - 0*a - 7. Let i = q - -8. What is the remainder when i is divided by 9?
7
Let g = 6 + 0. Let z be ((-30)/(-9))/(2/(-6)). Calculate the remainder when g is divided by (-5)/(-2) + 5/z.
0
Suppose -2*v - 2*v = -4. What is the remainder when (v/2)/((-3)/(-144)) is divided by 13?
11
Suppose 4*y - y + 4*a - 350 = 0, 352 = 3*y + 2*a. What is the remainder when y is divided by 30?
28
Let f(o) = -o**2 + 5*o - 2. Let x be f(4). Suppose 3 = -h + x*h. Suppose -h*m + 2*m = -20. What is the remainder when 37 is divided by m?
17
Let x = 86 - 81. Suppose 0 = -k + 2*k + 3*r + 1, 5*k = r + 11. Suppose 3*p - k*p = 3. Calculate the remainder when x is divided by p.
2
Let h(s) be the first derivative of 6*s**2 - 2*s + 3. Let i be h(5). Let c = -2 + i. Calculate the remainder when c is divided by 19.
18
Let x = 0 - -4. Suppose -x*h = -k + 3*k - 64, 4*h = 4*k - 152. Suppose 2*f - 12 = 26. Calculate the remainder when k is divided by f.
17
Let j(v) be the second derivative of v**4/12 - v**3/2 + 27*v. Suppose 5*k - 2 = 18. Calculate the remainder when 9 is divided by j(k).
1
Let x be -1 + (-6)/(0 - -3). Let s be 0/(x/(2 - -1)). Suppose n - 25 = -s*n. What is the remainder when n is divided by 13?
12
Let i = -10 - -45. Suppose -3*d = -y - 3*y - 55, 2*d = y + i. What is the remainder when 33 is divided by d?
16
Let x be (-207)/36 - (-2)/(-8). What is the remainder when 16 is divided by 2/((-4)/x) + 6?
7
Let v(g) = -5*g - 9. Calculate the remainder when 62 is divided by v(-6).
20
Let m be (-20)/30 - 700/(-6). Suppose -4*q + 8*q = m. Calculate the remainder when q is divided by 15.
14
Suppose -3*n + r = 3*r - 5, -n + 5*r + 13 = 0. Let w(v) = -v**3 + 4*v**2 - 2*v + 3. Let z = 10 - 0. Calculate the remainder when z is divided by w(n).
4
What is the remainder when 139 is divided by 3/9 + 118/6?
19
Suppose 5*p = 2*c + 42 + 10, 2*p - 23 = 3*c. Suppose -5*m + 36 = y - 64, 3*m - y = 60. Let f = m - p. What is the remainder when f is divided by 4?
2
Let h(r) = -2*r. Let w be h(-1). Let u be (399/3 - w) + -3. Suppose j = -j + u. Calculate the remainder when j is divided by 22.
20
Let m(j) be the first derivative of j**4/4 - j**3 - j**2 - 4*j - 1. Suppose -3*t = -40 + 7. Calculate the remainder when t is divided by m(4).
3
Suppose -3*l + 0*l = 2*j - 43, 0 = 2*l + j - 29. Let t = 9 - -25. Let y = t + -5. Calculate the remainder when y is divided by l.
14
Suppose 0*c = -2*c + 212. Let w(p) = p**2 - 12*p + 38. Calculate the remainder when c is divided by w(11).
25
Suppose x = -2, 32 - 168 = -2*t + 4*x. Suppose -t = -2*y - 2*y. What is the remainder when y is divided by 9?
7
Let j(h) = 0*h - 3*h + h**2 + h + 2. Let b(y) = y**3 - 5*y**2 + 10*y + 3. Calculate the remainder when b(4) is divided by j(4).
7
Let c = 12 - -6. What is the remainder when 52 is divided by c?
16
Let p(q) = q**2 + 5*q - 2. Suppose -5*l + 12 = 2. Suppose -2*c - 3*c - 12 = -s, 5*c - l = -s. Calculate the remainder when s is divided by p(-6).
3
Suppose 2*p = j + 147, -204 = -2*p + 3*j - 55. Suppose -2*y + p = 5*f - 61, 3*f + 5*y = 69. What is the remainder when f is divided by 5/2*(0 + 4)?
8
Let x(h) = h**2 + 4*h. Let o be x(4). Calculate the remainder when 35 is divided by (27/4)/(12/o).
17
Let h be 0 + (1 - (-1 - -2)). Suppose h = -2*v + v + 5. Calculate the remainder when v is divided by (9 - (5 - 1)) + 3 + -5.
2
Suppose -120 = 9*q - 24*q. Let p = -2 + 7. Calculate the remainder when q is divided by p.
3
What is the remainder when 18 is divided by 85/15 + (-2)/3?
3
Let h be -1 + 1 + 2 - -1. Suppose 0*p = -p + h*l + 23, 0 = -2*l. Let a = 0 + 12. What is the remainder when p is divided by a?
11
Suppose -6*q - 4*q = -550. Calculate the remainder when q is divided by 7.
6
Let h = 8 - 4. Let r = h - -3. Suppose 5*d - 19 = 1. What is the remainder when r is divided by d?
3
Suppose 0 = -0*d - d + 93. Suppose 5*g - d - 107 = 0. Calculate the remainder when g is divided by 14.
12
Let m = -7 - -24. What is the remainder when m/1 - (1 + 1) is divided by 4?
3
Suppose 7*d - 5*d = 5*u - 48, 4*u - 43 = -3*d. What is the remainder when 58 is divided by u?
8
Suppose 4*a - 3*a = 5*j - 12, -4*j = a - 6. Suppose -26 = -2*u - j. Let b = -16 + 38. Calculate the remainder when b is divided by u.
10
Suppose -3*v = -2*v - 5. Suppose -v*y = -0*y + 10. Calculate the remainder when 1 is divided by y/(-4)*(4 + -2).
0
Let b = 151 - 57. Suppose 4*i - s - b = 8, -5*i - 2*s + 134 = 0. Let j = 22 + -8. Calculate the remainder when i is divided by j.
12
Suppose 31 = u + 3*h, -10*h - 109 = -4*u - 7*h. What is the remainder when 35 is divided by u?
7
What is the remainder when (-4)/(-2)*(-13)/(-2) is divided by 4?
1
Let s = 58 - 29. Calculate the remainder when s is divided by (-2)/15 - (-484)/30.
13
Suppose -3*n + n = -104. What is the remainder when n is divided by 14?
10
Let r(a) = a**3 - a**2 - 5*a + 2. Suppose 3*s = 69 - 21. What is the remainder when r(4) is divided by s?
14
Let p = -9 - 6. Let k = 28 + p. Let g = k + -3. What is the remainder when 27 is divided by g?
7
Suppose -1 = -4*m + 31. Suppose 4*a + 16 = 0, -2*y + 68 = m*a - 3*a. Suppose 3*u - u + y = 2*q, -3*u = 2*q - 69. What is the remainder when q is divided by 14?
13
Suppose r - 165 = -5*w + 2*r, -4*r = 2*w - 88. What is the remainder when 66 is divided by w?
32
Let j = -5 + 9. What is the remainder when (5/2)/(j/8) is divided by 2?
1
Suppose -3*b + 48 = 6. What is the remainder when 39 is divided by b?
11
Suppose 0*t = 3*t - 18. Calculate the remainder when t is divided by 5.
1
Let d be 4/(-4) - (-8 - 0). Let u be -7*(-2*1 + -1). What is the remainder when 47 is divided by (-6)/u + 114/d?
15
Suppose -4*u = -3*y - 4 + 7, y - 8 = -u. Suppose -32 = -5*q + a, 0 = -u*q + 4*a - 2 + 11. What is the remainder when q is divided by 5?
2
Suppose 3*n = 0, -96 = -4*m + m - 2*n. What is the remainder when m is divided by 17?
15
Let x = -5 + 8. Suppose 0 - 6 = -x*t. Suppose -4*s = -0*c + c - 12, -2*s + 16 = -t*c. Calculate the remainder when s is divided by 3.
1
Suppose 5*o = 8 + 12. Suppose 146 = o*t - 6*r + 3*r, 0 = 5*t - r - 177. Calculate the remainder when t is divided by 18.
17
Suppose -360 = -4*v - 3*a, 3*a + 2*a - 73 = -v. Let w = v + -60. Suppose -58 = -4*l + 2*n, -4*l - 3 = 2*n - 81. Calculate the remainder when w is divided by l.
16
Let n(g) = -g**3 + g**2 - g + 3. What is the remainder when 4 is divided by n(0)?
1
Let x(h) = h**3 - h + 28. Calculate the remainder when x(0) is divided by 5.
3
Suppose d = 3*m + 38, -d - 7*m + 68 = -4*m. What is the remainder when d is divided by 14?
